, 23, 307
Suppose -4*d - 35 = 3*m + 16, -6 = -d + 3*m. What are the prime factors of (208/36)/((-6)/d)*105?
2, 5, 7, 13
List the prime factors of 14/(-7) + 2896 + -6 + 3.
7, 59
Let z(g) = 18*g - 34. Let n(f) = -4*f**3 - 2*f**2 + 6*f - 4. Let k be n(-3). Let w = k + -58. List the prime factors of z(w).
2, 73
Let u(i) = 4*i**3 + 2*i**2 + 2*i - 6. Let z(s) = 5*s**3 - 1. Let q be z(1). Suppose -2*m + 6 = -5*r - 8, -5*m = -q*r - 18. List the prime factors of u(m).
2, 19
Suppose -2*w = -18 + 8. Suppose 2*q - 5*q + 5*y - 304 = 0, -5*q + w*y = 520. List the prime factors of (45/4)/(-9)*q.
3, 5
Let n = -227 + -933. What are the prime factors of 0 - -3 - n/8?
2, 37
Let m(y) = 3*y + 14. Let f be m(-2). Suppose f*c - 3756 = 4*c. List the prime factors of c.
3, 313
Suppose -1695*q = 2*n - 1697*q - 38472, -3*n - 5*q + 57692 = 0. What are the prime factors of n?
2, 59, 163
Let s(d) be the third derivative of -d**4 - 21*d**3/2 - 35*d**2. What are the prime factors of s(-13)?
3, 83
Suppose -354*c = -348*c - a - 253743, 5*c + 2*a - 211478 = 0. List the prime factors of c.
2, 97, 109
Suppose -3*u + 45 = 4*z, 48*z - 2*u = 49*z - 15. Let c(l) = l**3 - l**2 - 25*l + 14. List the prime factors of c(z).
19, 23
Let b(f) = 12*f**2 + 24*f - 91. Let l be ((-190)/(-133))/(1/(4 + 3)). List the prime factors of b(l).
19, 71
Let o(h) = -27 - 10*h - 32 + 58*h + 6. What are the prime factors of o(7)?
283
Let n(u) = 582*u - 267. What are the prime factors of n(15)?
3, 7, 13, 31
Let y(r) = -4*r**3 - 38*r**2 + 36*r + 99. List the prime factors of y(-23).
3, 1031
Let y(k) = 2102*k + 10864. List the prime factors of y(10).
2, 3, 2657
Suppose 35 - 17 = 6*m. Suppose 0 = 5*r - m*h - 592 + 177, 0 = 3*r + 3*h - 249. List the prime factors of r.
83
List the prime factors of 26 + (-13376)/513 + 121556/27.
2, 2251
What are the prime factors of (6 + -2)/(280/1023260)?
2, 7309
Let n(p) = -5196*p**3 + 8*p**2 - 18*p - 52. List the prime factors of n(-2).
2, 23, 113
Suppose -50*c + 23*c + 25974 = 0. Let t = -555 + c. List the prime factors of t.
11, 37
Suppose 25*f = 30*f - 765. Suppose -2*w + 93 = -4*l - f, 0 = -3*w + 4*l + 369. What are the prime factors of w?
3, 41
Let d be 9/6 - ((-3060)/8)/3. Let v = -137 + d. List the prime factors of (-140)/21*138/v.
5, 23
Let n(z) = -87*z - 2 + 11*z**2 + 7 + 89*z. List the prime factors of n(-8).
3, 7, 11
Let h(u) = 9*u + 2. Let q be h(0). Suppose -q*a + 342 = n, -12*a - 687 = -2*n - 13*a. List the prime factors of n.
2, 43
Suppose 3*c = 3*v - 94263, 4*v - 67534 = -4*c + 58126. What are the prime factors of v?
2, 23, 683
Suppose -14894 = -3*l - 5*d, 5*l - 15978 - 8840 = -3*d. List the prime factors of l.
7, 709
Let j(s) = -s - 1. Let p(t) = -9*t - 12. Let l(k) = -5*j(k) + p(k). Let c be l(-14). Let u = 79 - c. What are the prime factors of u?
2, 3, 5
Suppose -27*x + 18*x - 81 = 0. Let r be (-378)/x + (-1)/(2 - 3). List the prime factors of r/(-1)*(-2)/2.
43
Suppose -33 = -12*w - 381. Let r = w - -32. Suppose -r*i + 109 = -0*o + 4*o, 3*o - 89 = 5*i. List the prime factors of o.
2, 7
Let f = 888 + -891. List the prime factors of 76/f*(-351)/18.
2, 13, 19
Let w(k) = 126*k**2 + 18*k - 38. Let s be 2581/801 + (-4)/18. What are the prime factors of w(s)?
2, 5, 23
Let n be -3*1/((-3)/3). Let b = -545 - -555. Let o = b + n. List the prime factors of o.
13
Let j(i) = 23*i**3 - 13*i**2 + 29*i - 291. What are the prime factors of j(9)?
2, 3, 1307
Suppose 6*q + 4*q + 30 = 0. Let t be (q + (-4 - -2))*-41. Suppose 0*j + 70 = 2*u + 4*j, -5*j = -4*u + t. What are the prime factors of u?
3, 5
Suppose 0 = -2*c + 35*h - 39*h + 24836, -5*c + 3*h = -62090. List the prime factors of c.
2, 7, 887
Let c = 21151 + -8658. What are the prime factors of c?
13, 31
Let f = 14556 - 6487. What are the prime factors of f?
8069
Suppose 30 = -2*h - k, -5*h - 75 = -0*h + 5*k. Let b = 24 + h. What are the prime factors of ((-22)/(-2))/(b/54)?
2, 3, 11
Suppose -2*l + 31 = l + 5*j, 1 = 3*l - j. Let c(b) = -4*b + 32*b**2 - 5*b - b**3 + 25*b**2 + 17 - 45*b**l. List the prime factors of c(11).
3, 13
Suppose -38*l + 4101 = -62893. What are the prime factors of l?
41, 43
Suppose 1001 = 5*z + 5*b - 2*b, 4 = 2*b. Let y = z - -102. What are the prime factors of y?
7, 43
Suppose g + 879 = -5*c + 3*c, -2*g = -2. List the prime factors of ((-31856)/c)/((-2)/(-30)).
2, 3, 181
Let b(u) = 7*u + 82. Let r be b(6). Let k = r + 520. What are the prime factors of k?
2, 7, 23
Suppose -9*y - 12*y = -28*y. Suppose 12*v - 13*v + 506 = y. List the prime factors of v.
2, 11, 23
Let p = 6741 + 101. What are the prime factors of p?
2, 11, 311
Let l be 6 + (1 - (6 + -2)) - 7. Let j(u) = -u**2 - 4*u + 3. Let m be j(l). Suppose -2*a + 3 = q - 82, 4*a = -m*q + 255. List the prime factors of q.
5, 17
Let l be 406*(-6)/(-72)*6. Let s = l - -275. What are the prime factors of s?
2, 239
Suppose 14*t + 0*t - 28 = 0. Suppose -13 = -t*y + 3*w - 6*w, -y - w = -5. Suppose -3*b = -y*f - 706, -1176 = -6*b + b + 4*f. List the prime factors of b.
2, 59
Suppose -3*j + 3*r + 24 = 0, -j = -3*j - 4*r + 16. Let s be 31/j - 12/(-96). What are the prime factors of (-3 + 98 - s) + -4?
3, 29
Let h = 43 - 32. Suppose -34 - h = -5*m. Suppose m = -11*d + 1857. What are the prime factors of d?
2, 3, 7
Let k = 783 - -107. What are the prime factors of k?
2, 5, 89
Let k be 4/10 - 2*(-132)/40. Let i(v) = v**2 - 9*v + 9. Let b be i(k). What are the prime factors of (-3)/b + 582/30?
2, 5
Suppose -c = 40 - 40. What are the prime factors of (c + -531)/3*-2?
2, 3, 59
Let o(y) = y**3 + 44*y**2 + 24*y + 58. Suppose 4*f - 5*n + 167 = 0, 3*f + 0*n = 4*n - 125. List the prime factors of o(f).
5, 7
Suppose 0 = -20*a - a + 4599. What are the prime factors of a + (1 - (-7 - -3))?
2, 7
Suppose 3*n + 2*z + 80 = z, -n - 12 = 4*z. Let k(m) = -m + 51. List the prime factors of k(n).
79
Suppose 0 = 7*p - 41 + 6. Suppose -5*h - 10 = 0, 5*h - 869 = -p*d - 199. Let k = -84 + d. What are the prime factors of k?
2, 13
Suppose 0 = 5*i + 3*d - 47, -5*d - 2 = 3*i - 27. Let f be (11 - i)*360/2. Suppose 0 = -2*q + f + 2. What are the prime factors of q?
7, 13
Suppose j = -5*h + 62494, -55*j + 51*j - 2*h + 250030 = 0. What are the prime factors of j?
17, 3677
Let r(q) = 2013*q - 4073. List the prime factors of r(24).
13, 41, 83
Let t = 408 + -315. List the prime factors of (t/(-2))/((-24)/448).
2, 7, 31
Let l(k) = -k**3 + 62*k**2 - 128*k + 130. What are the prime factors of l(54)?
2, 8273
Let m = 26 + -41. Let c be (-1 - m/3)*(-6)/(-8). Suppose -3*a + 42 = c*a. What are the prime factors of a?
7
Suppose q - 5*v = -7*v + 1624, -3*q - 3*v = -4884. Suppose 0 = 3*o + 3*o - q. List the prime factors of o.
2, 17
What are the prime factors of (-11509760)/(-400) + 4/(-10)?
2, 14387
Let i(t) be the first derivative of 93*t**4 - 4*t**3/3 + 2*t**2 - 2*t - 225. What are the prime factors of i(1)?
2, 5, 37
Suppose 747*v - 750*v - 12 = 0. What are the prime factors of (78/(-12) - v)/(3/(-1746))?
3, 5, 97
Suppose 4*f - 2*u - 5 = 3*f, 0 = -5*u. Suppose 0 = 3*h + 5*z - 242, 2*z + 374 = f*h + 3*z. Let x = h - 37. List the prime factors of x.
37
Suppose 2*v + 2 = -3*d, -3*v + 8*d = 3*d + 3. Let x be ((1 - 0)*-12)/(2/v). Suppose -z = -x*z + 150. List the prime factors of z.
2, 3, 5
Suppose 4*f + 5*y = 2*y, 11 = f - 2*y. What are the prime factors of f + (-2 - -19)*14?
241
Let n be ((-10)/35)/(-3 + 124/42). Suppose -3*l = p - 423, -11*p + n*p + 2081 = -2*l. List the prime factors of p.
3, 139
Let l be (-3)/(-6)*16*(2 - 1). Suppose -1005 = -l*f + 1323. List the prime factors of f.
3, 97
Suppose -s + 17 = -c, -4*s + 38 = -2*c + 10. Let t be (c/25)/((-4)/(-10)) - -5. Suppose t*b + 231 = 6*b. What are the prime factors of b?
7, 11
What are the prime factors of 21*967 - (-20 + 13)/(3 - 4)?
2, 5, 7, 29
Let o(c) = -145*c**3 - 21*c**2 - 33*c - 66. List the prime factors of o(-4).
2, 5, 17, 53
Let z(p) = -6*p**3 - 90*p**2 + 21*p - 1. List the prime factors of z(-16).
11, 109
Suppose 237*n - 139*n = 307916. What are the prime factors of n?
2, 1571
Suppose -3508 - 9412 = -20*g. Suppose g*y - 639*y - 4711 = 0. What are the prime factors of y?
673
Suppose 6*s - 3273 = 9921. List the prime factors of s.
3, 733
Suppose -9*u = -73302 - 10011. List the prime factors of u.
9257
Let r(u) = 4*u**2 - 2*u + 1. Let w